17 - 12. Calculate w(7).
-9
Suppose -4*q + 15 - 3 = 0. Let d be 2/q + 3/9. Let v(u) be the second derivative of u**5/20 + u**3/6 - u**2/2 + 30*u. What is v(d)?
1
Let f = -170 - -165. Let b(c) = -8*c**2 - c. Let t(n) = -7*n**2 - 2*n - 1. Let v(g) = 6*b(g) - 7*t(g). Calculate v(f).
-8
Let r(n) = 9*n + n**2 - 6*n**2 - 14 + 8*n**2 + 1 - 4*n**2. Give r(6).
5
Let m be (4/14)/((-24)/168). Let i(c) = -6*c - 1. Let h(l) = -31*l - 7. Let d(s) = m*h(s) + 11*i(s). Calculate d(3).
-9
Let o(m) be the third derivative of -m**4/24 - 2*m**3/3 + 114*m**2. Let v = 25 - 14. Let s(x) = 3*x + 13. Let w(u) = v*o(u) + 4*s(u). Determine w(-6).
2
Let y be -8 - (3 + -3 - 4). Let i be -2*(3 - (y - -12)). Let r be 4*(0 - 5/i). Let s(g) = -4*g**2 - g + 2. Calculate s(r).
-12
Let j(w) = -1 + 3 + w**2 + 5 - 9 + 5*w - 1. Calculate j(4).
33
Let h(l) = -10*l**2 - 3*l - 5. Let v(g) = -8*g**2 - g - 4. Let n(m) = 2*h(m) - 3*v(m). Let x(b) = -b - 1. Let z be x(-3). What is n(z)?
12
Suppose -5*l - 14 = -5*m - 3*l, -2*m + 8 = -2*l. Let c(v) = -3*v + 155 + m*v**2 - 8*v**2 - 148 + v**3 + 0*v**2. Determine c(6).
-11
Let l(s) = -4 + 6*s + 13*s**2 + 13*s**2 + 16*s**3 - 17*s**3 + 3 - 21*s**2. Give l(7).
-57
Let a(t) = -t - 11. Let r(j) = -2*j**2 - 12*j + 3. Let g be r(-6). Suppose o - 2*u = -12, g*u + 22 = -3*o + 2*u. Determine a(o).
-3
Let s(f) = 14*f**2 - 13*f**2 + 7 + 7 + 16*f + 2. Give s(-15).
1
Let b = 66 + -53. Let l(o) = -18 + b - 4*o**2 + 6 - o. What is l(1)?
-4
Let j(u) be the second derivative of -u**6/720 + u**5/30 + u**4 - 4*u. Let l(m) be the third derivative of j(m). Give l(4).
0
Let h(k) = k**2 - 7*k + 8. Suppose 4*a = -2*f + 22, 0 = -4*a - 5*f + 23 + 2. Determine h(a).
-2
Let h(i) = -i + 6. Let n be (-175)/(-14) + 6/(-4). What is h(n)?
-5
Let q(v) = 10*v**2 - v. Let u be (-22)/33*369/(5 - 2). Let y = u - -83. Give q(y).
9
Suppose 14*j + 370 - 272 = 0. Let f(p) = p**3 + 7*p**2 + p + 10. Determine f(j).
3
Let z(a) = a - 3. Let f(m) = -m + 2. Let s(j) = -3*f(j) - 2*z(j). Let p(l) = 3*l - 12. Let q be p(3). Calculate s(q).
-3
Let o(n) = 9*n + 2. Let q(k) = k + 2. Suppose -5 - 15 = 5*p. Let x be q(p). Determine o(x).
-16
Let g(b) = -2*b - 4. Let m be g(-5). Let x(d) be the second derivative of d**5/20 - 5*d**4/12 - 5*d**3/6 + 9*d**2/2 - 13*d. Give x(m).
15
Let d be (-9)/(45/(-10)) - (-7 + -1). Let x(v) = -v**2 + 12*v - 17. Determine x(d).
3
Let w(a) = a**2 + 8*a + 8. Let x = 878 - 883. Determine w(x).
-7
Let d(q) = -37 + 48 + q**3 - 19*q + 20*q. Give d(0).
11
Let b(t) = t**2 + 14*t + 14. Suppose -438*n = -442*n - 32. What is b(n)?
-34
Let k(o) = 0 + o - 5*o - 3. Suppose 0 = 42*s - 35*s - 126. Suppose 10*r - 19*r = s. Calculate k(r).
5
Let v(h) = -h**2 + 5*h - 5. Let o(r) = 12*r - 3*r**2 - 19*r - 11 + 4*r**2 + r. Let t be o(8). Give v(t).
-5
Let q(u) be the first derivative of u**6/120 - u**5/15 + u**4/12 - u**3/6 - 15*u**2/2 - 12. Let y(r) be the second derivative of q(r). Determine y(3).
-4
Let f(o) = o**3 - 3*o**2 - o + 3. Let j(p) = -15*p + 21. Let n(i) = 3*i - 4. Let r(m) = 6*j(m) + 33*n(m). Let t be r(1). Determine f(t).
0
Let c(u) be the third derivative of 13*u**6/720 - u**5/120 + u**4/24 - 3*u**2. Let y(g) be the second derivative of c(g). What is y(1)?
12
Suppose 4*x = 5*n + 2, 2*x = 3*x - 3. Suppose h - n = w - 1, 0 = -5*w - 10. Let f(a) be the second derivative of -a**4/12 + a**3/6 + a**2/2 + a. Calculate f(h).
-1
Let k(z) be the second derivative of -z**3/2 + 9*z**2/2 + 2*z - 14. Calculate k(6).
-9
Let w(r) = -r**2 - 21*r + 22. Let m = 75 - 97. Let d be w(m). Let q(o) be the third derivative of o**6/120 + o**5/60 - 4*o**3/3 - o**2. Give q(d).
-8
Let k(p) = p**3 + 6*p**2 - 4*p. Let t be ((-5)/(-20) - 74/8) + 3. Calculate k(t).
24
Let s(n) be the second derivative of n**3/6 - 3*n**2 + n. Let p = 0 + 6. Suppose 0 = c - 12 + p. Determine s(c).
0
Let u(o) = -9*o**3 + 11*o**2 - 13*o + 4. Let f(w) = -5*w**3 + 6*w**2 - 7*w + 2. Let k(r) = 11*f(r) - 6*u(r). Determine k(-3).
22
Let w be ((-2)/4)/(-1)*14. Let i(p) = w - 7 + p. Suppose -7 = 9*j + 11. Calculate i(j).
-2
Let g(p) be the second derivative of 2*p**2 + 0 - 2/3*p**3 + 1/4*p**4 + 8*p + 1/20*p**5. Let d(j) = -j - 8. Let k be d(-4). Give g(k).
4
Let c(r) = 6*r**2 + 5*r - 5. Let t(s) = 5*s**2 + 4*s - 5. Let p(b) = 4*c(b) - 5*t(b). Let x = -16 + 12. Give p(x).
-11
Let w(b) = -8*b - 8*b - b + 4 - b**2 + 18*b - 4*b. Give w(-3).
4
Let m(s) be the second derivative of -s**3/3 + 2*s**2 + 6*s - 1. What is m(4)?
-4
Let a(x) = -5*x - 6. Suppose -4*r = -5*f - 17, 14 + 4 = -4*f + r. Calculate a(f).
19
Let d(r) be the third derivative of 4*r**2 + 0*r - 1/30*r**6 + 0 + 0*r**5 + 0*r**3 + 1/24*r**4. Determine d(-1).
3
Let b(j) be the first derivative of -j**4/4 - j**3 - 4*j + 1. Let p be -3*((-5)/20 - 20/(-16)). What is b(p)?
-4
Let z(h) = -h**3 - 3*h**2 + 2*h - 2. Let y = 103 + -105. Let m be (2/2 + y)*4. Calculate z(m).
6
Let p(f) be the second derivative of f**4/12 + 13*f**3/6 - 9*f**2 - 155*f. Give p(-14).
-4
Let p(f) be the third derivative of 0*f + 0 + 2*f**2 - 1/24*f**4 + 1/2*f**3. Calculate p(-6).
9
Let f(a) be the first derivative of -a**4 + a**3/6 - 2*a - 2. Let s(k) be the first derivative of f(k). Let z be (1/3)/((-505)/(-1515)). Give s(z).
-11
Suppose -3*h - 26 = -5*j, 0 = 5*h + j - 6 + 12. Suppose -5*g = -d - d - 12, -g + 7 = -5*d. Let z(o) = 3 + 3*o**g - 4*o**2 - 5 - 4*o. What is z(h)?
2
Let h(r) be the second derivative of r**3/6 - 3*r**2/2 - 194*r. Let z(p) = 4*p**3 + p - 1. Let q be z(1). Determine h(q).
1
Let d(c) = -10*c**2 - c. Let x = -81 + 78. Let i(p) = p**2 - 1. Let t(z) = -3*z**2 + 3*z + 3. Let j(w) = 4*i(w) + t(w). Let a be j(x). Determine d(a).
-9
Let t(w) = -w**3 - 5*w**2 - 6*w - 6. Let l be t(-4). Suppose l*o = 3*i + 6, -4*o - 2*i + 12 = -0. Let n(q) = 10 - 4*q + o*q - q. What is n(7)?
-4
Let y(w) = w**2 - 14*w + 10. Let b be (4/(-2) + -1)/(360/(-1200)). Calculate y(b).
-30
Let k(w) = 0 - w + w**3 + 0. Let i be (189/105)/(3/5). Suppose 9*l = i*l. What is k(l)?
0
Let g(b) = 7*b**2 + 4*b. Suppose 9 = 2*i - 3*y, -4*i = -9*i - 3*y - 30. Determine g(i).
51
Let r be 6/45 - (-1024)/(-30). Let n = -28 - r. Let g(a) be the first derivative of -a**4/4 + 5*a**3/3 + 2*a**2 + 2*a + 1. Give g(n).
-10
Let n = -18 + 23. Let k(m) = -9*m + 0 + 4 + 12*m - n. Suppose 13 - 1 = -4*f - 2*t, 5*f + t + 12 = 0. Give k(f).
-7
Let d(j) be the third derivative of j**9/60480 + j**8/5040 + j**6/240 + j**5/5 - 7*j**2. Let z(b) be the third derivative of d(b). Determine z(-3).
12
Let u(y) be the first derivative of 3*y**2/2 - 7*y + 189. Give u(9).
20
Let l(k) = k**2 - 29*k + 28. Let g be l(28). Let b(o) = g*o**2 + 2*o**2 + 6*o + 3*o + 2 - 4*o. Calculate b(-3).
5
Let p(u) = -10*u - 1 + 22*u + 1 - 14*u. What is p(0)?
0
Let z(d) = -d**2 - 11*d - 16. Let q(g) = -g**3 - 12*g**2 + 8*g + 86. Let p be q(-12). Give z(p).
-6
Let k(z) = -z**2 + 11*z + 10. Let s(g) = -2*g**2 + 21*g + 20. Let h(p) = -7*k(p) + 4*s(p). Suppose 0 = -9*d - 100 + 163. Give h(d).
10
Let x(p) = p + 3. Let r = -18 - -12. Let k be x(r). Let u(d) = 3*d**2 + 7 - 2 + d**3 - 1 + d. What is u(k)?
1
Let a(x) be the second derivative of 0 + 11/2*x**2 - 1/6*x**3 - 6*x. Give a(5).
6
Let d(m) = 1672*m**3 - 4*m - 1673*m**3 - 12 + 8*m**2 + 1. Determine d(7).
10
Let n(h) be the second derivative of h**5/20 - 3*h**4/4 + 3*h**3/2 - 9*h**2/2 - 6*h. Let r = -485 - -493. Calculate n(r).
-1
Let f be 3/(-2)*60/(-45). Let t(s) = -s + 4. Let d(a) = -1. Let l(k) = f*d(k) + 2*t(k). What is l(6)?
-6
Suppose -5*x + 60 = -5*f + 20, -x - 2*f + 11 = 0. Let i = -3 + x. Let u(g) = 6*g**2 + g - 26*g**3 + 0 - 1 + 25*g**3. What is u(i)?
5
Let i be 0 + (1*-5)/1. Let y(w) = 9*w**3 + 15*w**2 - 8*w - 7. Let p(q) = -4*q**3 - 7*q**2 + 4*q + 3. Let u = -13 - -16. Let l(z) = u*y(z) + 7*p(z). Give l(i).
5
Suppose 3*n = 2*s - 34, s - n - 26 = -s. Let i(y) = -10 + 7 + 8 + s + y. Let j be i(-7). Let a(t) = -t + 12. Give a(j).
3
Let j(p) = -33*p - 1. Let i(g) = 4*g + 2. Let t(w) = -i(w) - j(w). What is t(-2)?
-59
Let f = -6619 + 6624. Let o(p) = 5*p - 5. Let w(j) = -j + 1. Let a(q) = -o(q) - 6*w(q). Calculate a(f).
4
Let p(n) = n**3 + 5*n**2 - 10*n - 14. Let y(g) = -6*g**2 + 44*g - 20. Let f be y(7). Determine p(f).
10
Let u(y) be the first derivative of y**3/3 + y**2/2 + 358. Determine u(-1).
0
Let a(z) = -3*z + 2*z -